82).
-1341
Let c(z) = -3*z**2 - 43*z + 646. Calculate c(9).
16
Let i(a) = -5*a**3 - 61*a**2 - 193*a - 164. Calculate i(-4).
-48
Let u(s) = s**3 + 567*s**2 - 232*s - 131713. Determine u(-567).
-169
Let l(v) = -12109*v + 43065. Calculate l(4).
-5371
Let f(m) = -m**2 + 498*m - 19202. Determine f(42).
-50
Let x(o) = 11*o**3 + 4*o**2 + 35*o - 44. Determine x(1).
6
Let d(x) = 2*x**2 - 468*x - 523881. Calculate d(-408).
-9
Let y(k) = 48*k + 9793. What is y(-156)?
2305
Let x(a) = -a**2 - 340627*a - 2724952. Give x(-8).
0
Let v(w) = -17*w**3 - 108*w**2 + 220*w - 6. Determine v(2).
-134
Let k(a) = 20*a**2 + 4916*a + 3984. Calculate k(-245).
64
Let d(v) = -3*v**3 - 268*v**2 + 2869*v - 192. Calculate d(-99).
6
Let f(r) = 26*r**2 + 18*r + 83. Calculate f(-9).
2027
Let l(g) = 27*g**2 - 1944*g + 28951. Determine l(51).
34
Let d(i) = -5*i**2 + 1553*i - 16930. What is d(11)?
-452
Let l(q) = -2527*q + 48004. Give l(19).
-9
Let l(y) = 493*y**2 + 15287*y + 214. Calculate l(-31).
90
Let p(r) = -2*r**2 + 320*r + 2678. Give p(-8).
-10
Let y(b) = 13*b**2 + 366*b + 3208. What is y(-12)?
688
Let f(a) = 5*a**3 - 589*a**2 - 141*a + 2689. Give f(118).
-25
Let u(v) = -219*v + 19646. Calculate u(91).
-283
Let i(s) = 101720*s + 15. Determine i(0).
15
Let w(u) = 6*u**3 + 236*u**2 + 64*u - 540. Determine w(-39).
6
Let w(q) = -5842*q - 35035. What is w(-6)?
17
Let p(i) = 2*i**2 - 3923*i + 58867. Determine p(15).
472
Let b(r) = -15769*r - 1103819. Calculate b(-70).
11
Let o(b) = -1872*b - 18235. What is o(-9)?
-1387
Let t(h) = -1119621*h + 3358868. Determine t(3).
5
Let w(o) = -59*o - 151. Calculate w(-1).
-92
Let w(i) = 1215957*i + 19455333. Determine w(-16).
21
Let a(y) = -2*y**3 + 46*y**2 + 1077*y - 24635. Give a(24).
61
Let d(i) = -11547*i - 150022. Give d(-13).
89
Let a(q) = 20401*q - 40757. What is a(2)?
45
Let n(x) = 2*x**3 + 278*x**2 + 3517*x + 2073. Calculate n(-125).
-52
Let p(b) = 63*b**2 + 195*b + 33. What is p(-3)?
15
Let z(o) = 63*o**2 - 4648*o - 109. What is z(74)?
927
Let h(g) = g**2 - 6161*g + 196137. Give h(32).
9
Let s(v) = -5659295*v + 39615062. Determine s(7).
-3
Let l(z) = -498*z - 17574. Give l(-40).
2346
Let r(u) = -2*u**3 + 1312*u**2 - 37555*u - 150. Determine r(30).
0
Let d(j) = j**3 + 28*j**2 - 162*j - 2032. Determine d(-7).
131
Let f(t) = 7445*t - 74457. Calculate f(10).
-7
Let r(w) = 4208*w - 248266. What is r(59)?
6
Let q(t) = -t**2 - 18*t + 3392. What is q(50)?
-8
Let y(u) = -2*u**3 - 20*u**2 - 48*u + 166. Give y(-8).
294
Let a(x) = x**3 + 19*x**2 + 298*x + 2755. Give a(-11).
445
Let k(h) = -h**3 + 2*h**2 + 198*h - 49. Calculate k(16).
-465
Let m(o) = 2*o**3 - 434*o**2 - 417*o - 4153. What is m(218)?
-11
Let k(n) = -n**3 - 158*n**2 - 3*n - 894. Determine k(-158).
-420
Let u(p) = 415*p + 3998. Give u(-10).
-152
Let i(x) = 12*x**2 + 324*x - 2170. Determine i(6).
206
Let n(i) = -4750*i - 389384. Determine n(-82).
116
Let i(p) = -506413*p + 2025656. What is i(4)?
4
Let g(b) = -4*b**2 - 810*b - 13. Give g(0).
-13
Let y(z) = 55*z**2 - 2316*z + 101. Determine y(42).
-151
Let u(g) = 6491*g + 59345. What is u(-9)?
926
Let m(h) = h**2 + 129*h - 34069. What is m(131)?
-9
Let z(v) = 5*v**3 - 3*v**2 - 130*v - 345. Determine z(-3).
-117
Let x(s) = -68*s - 2872. Calculate x(-52).
664
Let l(c) = -6068*c - 449053. Determine l(-74).
-21
Let n(k) = 8*k**3 + 56*k**2 + 28*k + 144. Determine n(-6).
264
Let o(p) = 33758736*p + 168793680. Calculate o(-5).
0
Let q(a) = 2*a**2 + 4168*a + 45605. Determine q(-11).
-1
Let j(c) = -2*c**2 + 7*c + 898. Give j(27).
-371
Let m(g) = -10*g**3 - 129*g**2 + 695*g - 26. Give m(5).
-1026
Let p(o) = -4*o**2 - 4143*o + 29187. Determine p(7).
-10
Let w(s) = -13*s**2 + 163*s + 9063. Determine w(-21).
-93
Let k(n) = n**3 + 38*n**2 + 68*n + 1274. Calculate k(-37).
127
Let d(m) = -7*m**2 + 475*m - 6659. What is d(48)?
13
Let m(f) = 8675*f - 2992879. Give m(345).
-4
Let y(d) = -d**2 + 66*d + 3554. Calculate y(120).
-2926
Let l(b) = -b**2 + 299*b + 3947. Determine l(-13).
-109
Let d(f) = 21*f + 161. Give d(2).
203
Let q(f) = -13013*f + 4528528. Give q(348).
4
Let v(w) = 32217*w - 773215. Give v(24).
-7
Let i(m) = 56*m**3 + m**2 - 245*m + 474. Give i(2).
436
Let i(b) = b**3 + 27*b**2 - 16*b - 278. Determine i(-27).
154
Let w(q) = 11407*q + 22855. Give w(-2).
41
Let t(q) = -24*q**2 - 488*q + 260. Calculate t(-23).
-1212
Let k(y) = 7180*y - 387640. Give k(54).
80
Let s(d) = 74*d**2 - 21905*d + 402. Calculate s(296).
106
Let i(s) = 5904*s - 395538. Give i(67).
30
Let q(i) = 2*i**3 - 1204*i**2 + 5986*i - 9556. Give q(597).
-4
Let d(v) = -2*v**3 - 3*v**2 + 105*v - 205. What is d(2)?
-23
Let o(a) = 5417*a - 37914. Calculate o(7).
5
Let g(k) = 19373*k - 387387. Calculate g(20).
73
Let p(m) = 722*m + 41717. What is p(-57)?
563
Let q(u) = 104*u**2 + 327*u - 70. Calculate q(-4).
286
Let u(r) = 208*r - 6611. Calculate u(32).
45
Let h(u) = -501*u + 128575. What is h(260)?
-1685
Let n(c) = 2*c**2 - 7*c - 530. Give n(15).
-185
Let a(v) = 5122*v - 819411. Calculate a(160).
109
Let i(a) = -a**3 - 18*a**2 - 524*a - 4225. What is i(-8)?
-673
Let i(b) = 843*b - 2128. Determine i(3).
401
Let x(m) = m**3 - 14*m**2 - 225*m + 485. Give x(23).
71
Let f(n) = 46525*n - 325677. What is f(7)?
-2
Let j(d) = -9118*d - 510355. Give j(-56).
253
Let f(h) = -2*h**2 + 55*h + 1014. Give f(-12).
66
Let s(a) = a**2 + 10017*a - 1659299. What is s(163)?
41
Let p(y) = y**2 + 983*y - 10986. Determine p(11).
-52
Let d(f) = 16*f**2 - 123*f - 19. Give d(6).
-181
Let s(q) = -3847*q**2 - 2023526*q - 2099. Give s(-526).
5
Let s(d) = -5*d - 152. Calculate s(-28).
-12
Let t(s) = 4*s**3 + 393*s**2 + 1263*s + 2675. Give t(-95).
15
Let y(h) = 2*h**3 + 53*h**2 - 49*h - 1047. Calculate y(-27).
-453
Let t(r) = -r**3 + 154*r**2 + 1116*r - 171855. Calculate t(154).
9
Let n(a) = 9346*a - 13785350. Give n(1475).
0
Let h(n) = -n**3 + 124*n**2 + 135*n - 449. What is h(125)?
801
Let b(s) = -s**3 - 4*s**2 - 45*s - 211. What is b(-9)?
599
Let q(j) = -j**3 - 1102*j**2 + 289298*j + 200. What is q(219)?
-19
Let y(a) = 79701*a + 3666247. Give y(-46).
1
Let v(o) = -197*o - 1270. Calculate v(-8).
306
Let v(z) = 2*z**2 - 171*z + 236. Give v(77).
-1073
Let k(m) = -10167*m + 40658. Calculate k(4).
-10
Let h(x) = -x**2 + 13922*x - 69607. Give h(5).
-22
Let t(f) = -f**3 - 54*f**2 + 1409*f - 7410. Give t(12).
-6
Let t(x) = -x**2 + 876*x - 123826. Give t(177).
-103
Let y(p) = 54*p**2 - 12308*p - 442. Give y(228).
470
Let c(z) = z**3 - 393*z**2 - 165*z + 65109. Give c(393).
264
Let c(q) = -249*q**2 + 14687*q + 139. Give c(59).
-97
Let f(o) = 692151*o - 8997961. What is f(13)?
2
Let m(z) = -5*z**2 - 1771*z - 60084. Give m(-38).
-6
Let j(z) = -z**3 + 113*z**2 - 537*z + 634. What is j(2)?
4
Let o(t) = -13*t**2 + 790*t + 191. What is o(61)?
8
Let i(b) = 2*b - 1298. Calculate i(-66).
-1430
Let p(m) = -14*m**2 - 1165*m + 10202. Give p(8).
-14
Let d(j) = 3*j**3 - 20*j**2 - 198*j + 1334. What is d(8)?
6
Let v(p) = -p**3 + 234*p**2 - 2900*p + 379. Determine v(13).
28
Let n(a) = -197*a**3 + 2*a**2 - 1126*a - 3386. Give n(-3).
5329
Let c(i) = -231*i**2 + 10857*i - 5. Give c(47).
-5
Let o(u) = 3*u**3 - 91*u**2 - 260*u + 5. Determine o(-3).
-115
Let v(m) = m**3 + 95*m**2 + 2024*m - 116. What is v(-63)?
-620
Let q(s) = -6*s**3 + 174*s**2 - 149*s - 24. Give q(1).
-5
Let p(i) = -409*i - 13069. Determine p(-32).
19
Let d(r) = -2*r**3 + 68*r**2 - 332*r - 25. Calculate d(6).
-1
Let s(d) = -2*d**2 - 269*d + 42921. Calculate s(-229).
-360
Let g(o) = 93812*o + 1688607. What is g(-18)?
-9
Let m(j) = 1470*j + 56105. Calculate m(-37).
1715
Let v(i) = i**2 + 666*i - 393210. Determine v(377).
1
Let u(o) = -2*o**2 + 19082*o + 76347. Give u(-4).
-13
Let n(y) = -601*y**2 + 8402*y + 7. Give n(14).
-161
Let b(d) = 449*d + 1458. Give b(-4).
-338
Let j(z) = 1595*z - 127606. Give j(80).
-6
Let f(t) = -103*t**3 - 9*t**2 - 9*t - 6. What is f(-1)?
97
Let u(d) = d**3 - 21*d**2 + 49*d + 508. What is u(12)?
-200
Let m(r) = 157*r**2 - 2940*r + 5875. Give m(2).
623
Let u(o) = 1099*o + 23045. Calculate u(-21).
-34
Let k(l) = 4*l**3 - 79*l**2 + 78*l + 188. Determine k(19).
587
Let a(c) = 89*c**2 + 932*c + 1156. Determine a(-9).
-23
Let p(f) = 16480*f - 115181. Determine p(7).
179
Let y(s) = 13*s**2 + 591*s - 4007. What is y(6)?
7
Let g(j) = 3*j**3 - 44*j**2 + 204*